e of r**7/840 + r**6/180 - r**5/60 - r**3/6 + 4*r. Let l(s) be the second derivative of c(s). Calculate l(-3).
-3
Suppose 3*w - 4*w - 10 = 0. Let m = 5 + w. Let s(x) = x**2 + 6*x - 6. Calculate s(m).
-11
Let p(z) = 6*z - z**2 - 6 + 11 - 11. Let s = 7 - 3. Suppose -3 - 17 = -s*y. Calculate p(y).
-1
Let d(l) = 2*l - 6. Let y(r) = r - 3. Let m(i) = 3*d(i) - 5*y(i). What is m(4)?
1
Suppose y + q + 4 = 0, q + 6 = -4*y - q. Let s = y - 1. Suppose s = 2*f - f + 1. Let a(d) = 5*d**2. Calculate a(f).
5
Let n(h) = h**2. Let a(i) = i**2 - 3*i - 2. Let y(p) = -a(p) + 2*n(p). Let j = -21 - -19. Give y(j).
0
Let d(q) = -q**3 + q**2 - q + 2. Let h be d(0). Let s be h/2*(5 + -3). Let f(n) = -n - 2*n + 3*n - 2*n + s. Give f(-5).
12
Let g(w) = -w**2 + 14 + 17*w - 13 - 19*w. Determine g(-3).
-2
Let i(p) = 6*p - 3*p + 3 + 0 + 0. What is i(-4)?
-9
Let n(l) = -l**3 + 6*l**2 + l - 2. Let c = -37 + 43. Calculate n(c).
4
Let b(k) = -k - 3. Let r be b(-6). Let v(y) = -2*y**2 + 2*y + 3. Give v(r).
-9
Let o(z) = -2*z + 1. Let t be -4*((-6)/4 + 2). Suppose -2*v = 3*v + 15. Let f = v - t. Calculate o(f).
3
Suppose 4*c + 1 = 3*c. Let g(i) = -4*i**2 - 7*i - 1. Let o be (-14)/21 + (-16)/3. Let d(p) = 11*p**2 + 20*p + 3. Let h(s) = o*d(s) - 17*g(s). What is h(c)?
2
Let k(t) = -t. Let n(y) = y. Let l(p) = -4*k(p) - 3*n(p). Determine l(-6).
-6
Let b(y) = -y - 4. Let p(q) = -q + 1. Let d(r) = r + 3. Let a(w) = d(w) - p(w). Let h be a(-4). Calculate b(h).
2
Let n = -32 + 35. Let v(c) = -2*c + 4. Give v(n).
-2
Let u(m) be the third derivative of -m**4/12 - m**3 + 41*m**2. Calculate u(-5).
4
Let g(x) = -x - 3. Let v(d) = 4*d - 5. Let r be v(2). Give g(r).
-6
Let v = 3/5 + -4/15. Let r(u) be the first derivative of 4*u + 3/2*u**2 + v*u**3 - 2. Calculate r(-3).
4
Let k(q) be the second derivative of -2/3*q**4 + 0 - 3*q + 1/2*q**2 - 1/6*q**3. Determine k(1).
-8
Let g(n) = 4*n - 2. Let m(y) = 6*y - 3. Let r(c) = 8*g(c) - 5*m(c). Give r(5).
9
Let v = -2 - 0. Let m be 1*-8*v/(-4). Let f(a) be the first derivative of -a**4/4 - a**3 + 5*a**2/2 + 2. Give f(m).
-4
Let g(d) = -d**3 + d**2 + d - 6 + 3 + 2*d**3. Let o be (-2)/6 + 32/24. Let x = 1 - o. Calculate g(x).
-3
Let s(f) = -f + 1. Let p(x) = x - 7. Let d(k) = -p(k) - 2*s(k). Let z be d(-3). Let o(m) be the third derivative of -m**4/12 + m**3/2 - 2*m**2. What is o(z)?
-1
Let y(f) = 3*f + 1. Let m(u) = -2 - 7*u + 3*u + 1. Let i(t) = 4*m(t) + 5*y(t). Calculate i(0).
1
Let s(i) = -3*i - 5*i + 24*i**2 - 12*i**2 + 1 - 14*i**2. Calculate s(-6).
-23
Let n(x) = 14*x**2 - 32*x + 14. Suppose -6 - 6 = 2*v. Let q(w) = 5*w**2 - 11*w + 5. Let z(b) = v*n(b) + 17*q(b). Determine z(-2).
-5
Let b(s) = -s + 10. Let v be b(7). Let k(i) = 2*i**3 - 4*i**2 - 2*i + 2. Determine k(v).
14
Let v be (1/(-4))/((-2)/8). Let x be (24/(-9) + v)*3. Let s(i) = -i**2 - i - 3*i - 2*i - 6 + i. Calculate s(x).
-6
Let t(s) = -23*s**2 + 3*s. Let u(h) = 8*h**2 - h. Let j(k) = -6*t(k) - 17*u(k). Calculate j(2).
6
Let h(k) be the second derivative of 1/2*k**3 + 0 - 3/2*k**2 + k + 1/12*k**4. Determine h(-3).
-3
Let h(a) = a**2 - 15*a + 10. Let s be h(14). Let p(z) = z**3 + 3*z**2 - 3*z + 2. Determine p(s).
-2
Let m(u) be the first derivative of u**4/2 - u**3 + u**2/2 - 59. Give m(2).
6
Let k(s) = s**3 - 2*s**2 - 5*s + 1. Let o(i) be the first derivative of -i**4 + 5*i**3/3 + 7*i**2 - 3*i - 5. Let g(a) = -8*k(a) - 3*o(a). Calculate g(1).
4
Let d(q) = -q + 5 + 2*q - 4*q. Let z(i) = -i**3 + 4*i**2 - i - 2. Let g be z(3). Determine d(g).
-7
Let x(b) = -b - 2. Let g = 12 - 14. Let p be 52/16 - g/(-8). Give x(p).
-5
Let z(a) be the third derivative of -a**4/12 + 2*a**2. Determine z(-3).
6
Suppose -1 = 4*r - 9. Let b(m) = 1768 - 4*m**3 - 2*m - m**2 + 5*m**3 - 1765. Calculate b(r).
3
Suppose -2*a + 6 = 2*x, -a = 3*x - 5 - 0. Let y(d) = -2*d - d + 2*d - d**2 + 7*d**3 + 1. Determine y(x).
6
Let p(z) = z**3 + 4*z + 1 - 2*z**3 - 2 + z**2. Suppose -43 = -2*u - 13. Suppose -2*g - 3*g = -u. Calculate p(g).
-7
Let g(k) be the second derivative of k**5/10 - k**4/6 + k**3/6 - k. Determine g(2).
10
Let s(j) = -8*j**3 + j - 2. Let x be s(1). Let d(c) = -c - 6. Determine d(x).
3
Let w(x) = -6 + 3 - 5*x**2 + 0*x**2 + 0 - 6*x. Let y(g) = g**2. Let n(c) = w(c) + 4*y(c). Determine n(-6).
-3
Let a(n) = n - 5. Suppose r + 2*r - 9 = 0. Let f be (-3)/2*(-8)/6. Suppose -m + r = -f. Determine a(m).
0
Let q(u) = u - 2. Let x = -23 - -18. Determine q(x).
-7
Let c(j) be the first derivative of -j**5/60 - j**4/4 - j**2/2 - 1. Let u(t) be the second derivative of c(t). Let y = 15 - 20. Give u(y).
5
Let g be 36 - (6/(-3) - -3). Let q be 112/g + (-8)/(-10). Let w(s) = -s**2 + 2*s. Calculate w(q).
-8
Let l(p) be the second derivative of p**5/20 - p**3/3 + p**2/2 + 11*p. Calculate l(1).
0
Let l(z) = -z**3 - 5*z**2 + 8*z + 2. Let m(p) = -p - 13. Suppose 3*i + g + 24 = 0, 0 = -5*i + 3*g - 2*g - 32. Let j be m(i). What is l(j)?
-10
Suppose 0*p + 2*p = -4*b + 10, -4*p + b + 2 = 0. Let k be 1/(p - (-14)/(-12)). Let m(u) be the second derivative of -u**3/6 + 7*u - 4. Give m(k).
6
Suppose -3*h + 8 = -h. Let w(a) = -1 - a**2 + h + 11*a - 7*a. Calculate w(6).
-9
Let y(q) = -q**3 + 18*q**2 - 9*q - 22. Let m(v) = -v**3 + 17*v**2 - 9*v - 21. Let f(u) = 6*m(u) - 5*y(u). Give f(11).
6
Let i(n) = -2 + n + 2*n**2 + n + 0*n - 1. Let k(l) = -l**3 - 3*l**2 + 5*l + 6. Let p(t) = -3*t**2 - 1. Let y be p(-1). Let z be k(y). Determine i(z).
9
Let d(c) = 121*c**2 + 5 - 3*c - 122*c**2 - 1. Give d(-6).
-14
Let r(s) = 1. Let g(b) = -2*b - 4. Let w(v) = g(v) + 3*r(v). Calculate w(5).
-11
Let n(q) be the second derivative of 1/8*q**4 + 0 + 2/3*q**3 - q - q**2 + 1/60*q**5. Let t(m) be the first derivative of n(m). What is t(-3)?
4
Let l(g) = -3*g - 2*g + 2 + 0*g - g. Let w(f) = 2*f**2 + 2*f - 2. Let i be w(-2). Give l(i).
-10
Let j = 58 - 59. Let t(g) = -22*g + 1. Give t(j).
23
Let t(i) = i**2 + 2*i - 4. Suppose -4*x + 5 = -7. Let u be -1*x*(-12)/(-9). Calculate t(u).
4
Let y(b) = -3*b**2 - 6 - b + 5*b**2 + 1 + 7. Determine y(2).
8
Let y(q) = -q**3 - 5*q**2 - 2*q + 2. Let s be y(-2). Let a(x) = -13353 + 0*x + 0*x + 6*x**2 + x**3 + 13352. Give a(s).
-1
Let x(d) = -2*d - 12. Let w be x(-8). Let z(s) = 3*s + w - 7 + 3. Determine z(2).
6
Let i(w) = -w + 9. Let u(j) = 2*j - 5. Let v be u(5). What is i(v)?
4
Let x(b) be the second derivative of -b**4/12 - b**3/2 - 3*b**2/2 + 3*b. Let s(h) be the first derivative of x(h). Calculate s(-3).
3
Suppose 2*q + 0*q - g = 0, 3*q = 3*g + 6. Let i be (q*3)/2 - 1. Let j(c) = 5*c - 3. Let o(w) = -9*w + 6. Let d(b) = -11*j(b) - 6*o(b). Determine d(i).
1
Suppose r - 8 - 10 = 5*n, 0 = -5*n - 20. Let m(q) = -q**3 + q - 2. What is m(r)?
4
Let w(o) be the second derivative of -o**6/120 - o**5/40 - o**4/8 + o**3 - 3*o. Let x(b) be the second derivative of w(b). Determine x(-2).
-9
Let x(c) = -c**3 + 6*c**2 - c + 6. Suppose 5*q = 26 + 4. Determine x(q).
0
Let x(y) = -y**3 - 1. Let j(g) = 5*g**3 + 7*g**2 + 5*g + 4. Let p(b) = -j(b) - 4*x(b). Suppose -3*v - 51 = 4*a - 18, 4*a + 36 = -4*v. Give p(a).
-6
Let f(m) = -18*m - 21. Let b(p) = -p - 1. Let y(t) = -42*b(t) + 2*f(t). Determine y(-1).
-6
Suppose 2*m = 5*y + 12, -y + 2*m + 4 = -0*m. Let s(o) = -o**2 - o - 2. Let c(b) = -b**2 - 2*b - 3. Let f(t) = -3*c(t) + 2*s(t). What is f(y)?
5
Suppose 5*c + 0 = 10. Let y(z) = 4*z - 2*z**c - 5*z - 2 + 0*z**2. What is y(2)?
-12
Let g be (-4)/(-2) - (-8)/4. Suppose -a = -g*a + 9. Let t(b) = 4*b**2 - 6*b + 13*b - b**3 - 5 + a. Give t(5).
8
Suppose 2*a + 4*z - 29 = 3, -4*a + 5*z = 1. Let f(o) = 3*o - a*o + 4*o + 7. Let l be f(-5). Let t(v) = 3*v - 2. Give t(l).
4
Let z(u) = -7*u - 8. Let m(t) = 13*t + 15. Let n = -2 - 4. Let f(c) = n*m(c) - 11*z(c). Give f(0).
-2
Let c(j) = 2*j + j + j - 5 + 9. Calculate c(-3).
-8
Let y(m) be the first derivative of -m**2 + 5*m - 3. Let p be y(4). Let u(b) be the third derivative of b**4/6 - 2*b**2. Calculate u(p).
-12
Let p(w) be the second derivative of -2*w**3/3 + 3*w**2/2 - 63*w. What is p(-4)?
19
Let b = 6 - 4. Suppose -2*s + b*r = -8, 10 = 3*r + 2*r. Let l be 2/s + (-3)/9. Let t(d) = -d + 5. What is t(l)?
5
Let d be (2/(-4))/(3/60). Let w = d + 12. Let s(a) = -2*a + a + 0*a + 4 - 3*a - a**w. Calculate s(-6).
-8
Let j = 58 + -52. Let n(k) be the third derivative of k**5/60 - k**4/4 + k**2. Give n(j).